{"id":270,"date":"2025-06-06T12:26:36","date_gmt":"2025-06-06T12:26:36","guid":{"rendered":"http:\/\/assolegrandchemin.fr\/?page_id=270"},"modified":"2025-06-06T12:26:36","modified_gmt":"2025-06-06T12:26:36","slug":"associationlegrandchemin","status":"publish","type":"page","link":"https:\/\/assolegrandchemin.fr\/","title":{"rendered":"Home"},"content":{"rendered":"<div class=\"art-content-layout-wrapper layout-item-0\">\n<div class=\"art-content-layout\">\n<div class=\"art-content-layout-row\">\n<div class=\"art-layout-cell layout-item-1\" style=\"width: 100%\" >\n<h3><span style=\"font-family: 'Homizio Nova'; font-style: normal; font-weight: normal;\"><span style=\"font-style: normal; font-weight: normal;\">L\u2019association Le Grand Chemin est une structure d\u2019enseignement artistique pluridisciplinaire implant\u00e9e sur le territoire Coutrillon depuis 2000. Elle comprend une Ecole de danse, formation professionnelle et remise \u00e0 niveau ballet junior en Aquitaine, ainsi qu&rsquo; un&nbsp;Atelier d\u2019arts plastiques \u00e0 Coutras<\/span> .<\/span><\/h3>\n<p><a href=\"#\"><\/a><\/p>\n<\/p><\/div>\n<\/p><\/div>\n<\/div>\n<\/div>\n<div class=\"art-content-layout\">\n<div class=\"art-content-layout-row\">\n<div class=\"art-layout-cell layout-item-1\" style=\"width: 50%\" >\n<p style=\"text-align: justify;\"><a href=\"http:\/\/centrechoregraphique.assolegrandchemin.fr\/\" target=\"_self\" title=\"Centre Chor\u00e9graphique Christian Conte et Martine Chaumet\"><img loading=\"lazy\" decoding=\"async\" width=\"445\" height=\"215\" alt=\"\" src=\"http:\/\/assolegrandchemin.fr\/wp-content\/uploads\/2025\/06\/Home-centrcho-2.jpg\"><\/a><\/p>\n<h2><span style=\"color: rgb(55, 54, 94); font-size: 13px; line-height: 13px;\">ECOLE DE DANSE PLURIDISCIPLINAIRE ET FORMATION PROFESSIONNELLE EN AQUITAINE<\/span><br \/><\/h2>\n<h3><span style=\"line-height: 22px; color: rgb(93, 102, 143);\">Pr\u00e9sentation<\/span><\/h3>\n<p style=\"text-align: justify;\">Le Centre Chor\u00e9graphique Christian Conte &amp; Martine Chaumet :<\/p>\n<p style=\"text-align: justify;\">L&rsquo;association le Grand Chemin \u00e9xiste depuis 2000. Sa principale activit\u00e9 est le d\u00e9veloppement de l&rsquo;art chor\u00e9graphique avec une branche traditionnelle r\u00e9serv\u00e9e aux enfants amateurs et une branche de haut niveau, compos\u00e9e d&rsquo;\u00e9l\u00e9ments dou\u00e9s, qui se destinent \u00e0 une carri\u00e8re professionnelle.&nbsp;<\/p>\n<p style=\"text-align: justify;\">Les \u00e9l\u00e8ves sortis de cette classe sont tous entr\u00e9s dans les \u00e9coles sup\u00e9rieures d&rsquo;\u00e9tat en France et \u00e0 l&rsquo;\u00e9tranger. C.N.S.M.D de Paris-Lyon, \u00e9cole nationale de danse de Marseille, John Granko Shule de Stuttgart, English National Ballet School de Londres, \u00e9cole Rudra de B\u00e9jart, Ballet de Hambourg et le Ballet de Nice-M\u00e9dit\u00e9ran\u00e9e, \u00e9cole de danse de l&rsquo;Op\u00e9ra de Paris. Le programme de cette classe d&rsquo;\u00e9lite est complet.<\/p>\n<h2><a href=\"http:\/\/centrechoregraphique.assolegrandchemin.fr\/\" target=\"_self\" title=\"Site Centre Chor\u00e9graphique Christian Conte &amp; Martine Chaumet \">Site du Centre Chor\u00e9graphique Christian Conte et Martine Chaumet<\/a>.<\/h2>\n<div style=\"margin-left: 2em; text-align: justify; line-height: 100%;\">\n        <\/div>\n<\/p><\/div>\n<div class=\"art-layout-cell layout-item-1\" style=\"width: 50%\" >\n<h2><a href=\"http:\/\/assolegrandchemin.fr\/PLASTICKART\/\" target=\"_self\" title=\"Plastickart\"><img loading=\"lazy\" decoding=\"async\" width=\"445\" height=\"215\" alt=\"\" src=\"http:\/\/assolegrandchemin.fr\/wp-content\/uploads\/2025\/06\/plastickartfondGEClogo.jpg\"><\/a><br \/><\/h2>\n<p style=\"text-align: justify;\">COURS D&rsquo;ARTS PLASTIQUES ADULTES ET ENFANTS<\/p>\n<h3>Pr\u00e9sentation<\/h3>\n<p><span style=\"font-family: Raleway;\">L\u2019atelier Plastickart a \u00e9t\u00e9 cr\u00e9\u00e9 au coeur de Coutras en 2005 par l\u2019association Le Grand Chemin, c\u2019est un lieu d\u00e9di\u00e9 \u00e0 toutes celles et ceux qui souhaitent apprendre les techniques de dessin, de peinture, de graphisme et autres formes d\u2019arts plastiques (modelage, film d\u2019animation, atelier graff\u2026) dans un environnement calme et paisible qui favorise la concentration et le travail.<\/span><\/p>\n<p><span style=\"font-family: Raleway;\">Les cours sont assur\u00e9s par Gonzague E. Conte, artiste plasticien et Marie-Lys Nicolas, peintre et graphiste. Les s\u00e9ances sont volontairement limit\u00e9es \u00e0 huit personnes, ce qui assure des conditions de travail optimales. L\u2019atelier est un espace d\u2019\u00e9change de connaissances ; d\u00e9butants et confirm\u00e9s re\u00e7oivent des conseils personnalis\u00e9s, les cours sont collectifs mais chaque personnalit\u00e9 singuli\u00e8re. Chacun avance \u00e0 son rythme.<\/span><\/p>\n<p><span style=\"font-family: Raleway;\">Les Ateliers du mercredi pour les enfants (\u00e0 partir de 6 ans), permettent aux plus petits de d\u00e9couvrir leur \u00ab pouvoir cr\u00e9atif \u00bb gr\u00e2ce \u00e0 des modes de cr\u00e9ation con\u00e7us pour eux. La cr\u00e9ation plastique stimule l\u2019imagination, l\u2019organisation, le contr\u00f4le de soi et la patience. Les cours d\u2019enfants sont limit\u00e9s \u00e0 dix \u00e9l\u00e8ves.&nbsp;Pour de plus amples informations n\u2019h\u00e9sitez pas \u00e0 venir nous rencontrer \u00e0 l\u2019atelier du lundi au samedi.<\/span><\/p>\n<h2><a href=\"http:\/\/assolegrandchemin.fr\/PLASTICKART\/\" target=\"_self\" title=\"Site Plastickart\">Site de L&rsquo;atelier Plastickart.<\/a><\/h2>\n<h2><\/h2>\n<\/p><\/div>\n<\/p><\/div>\n<\/div>\n<div class=\"art-content-layout\">\n<div class=\"art-content-layout-row\">\n<div class=\"art-layout-cell layout-item-1\" style=\"width: 100%\" >\n<h3>Les derni\u00e8res vid\u00e9os :<\/h3>\n<p>         <iframe loading=\"lazy\" src=\"http:\/\/www.239f8b8a-abef-4115-b7d6-48fa7e9fb0ba-text.com\/.webarchive\/\/www.youtube.com\/embed\/videoseries?list=PL5wTf9DwiceOv5gNYqwV0pwqStg5yKZhW&amp;amp;wmode=transparent&amp;amp;wmode=transparent\" width=\"640\" height=\"360\" frameborder=\"0\" allowfullscreen=\"allowfullscreen\"><\/iframe><\/p>\n<h2><\/h2>\n<h3>Retrouvez-nous sur Google+ :<\/h3>\n<p>         <!-- Placez cette balise dans l'en-t\u00eate ou juste avant la balise de fermeture du corps de texte. --><script src=\"https:\/\/apis.google.com\/js\/platform.js\" async=\"\" defer=\"defer\" type=\"text\/javascript\">\/\/ <![CDATA[\n                        {lang: 'fr'}\n                        \/\/ ]]><\/script><!-- Placez cette balise o\u00f9 vous souhaitez faire appara\u00eetre le gadget widget. --><\/p>\n<div class=\"g-page\" style=\"text-align: center;\" data-width=\"450\" data-href=\"\/\/plus.google.com\/u\/0\/109117371539090936859\" data-rel=\"publisher\"><\/div>\n<\/p><\/div>\n<\/p><\/div>\n<\/div>\n","protected":false},"excerpt":{"rendered":"<p>L\u2019association Le Grand Chemin est une structure d\u2019enseignement artistique pluridisciplinaire implant\u00e9e sur le territoire Coutrillon depuis 2000. Elle comprend une Ecole de danse, formation professionnelle et remise \u00e0 niveau ballet junior en Aquitaine, ainsi qu&rsquo; un&nbsp;Atelier d\u2019arts plastiques \u00e0 Coutras . ECOLE DE DANSE PLURIDISCIPLINAIRE ET FORMATION PROFESSIONNELLE EN AQUITAINE Pr\u00e9sentation Le Centre Chor\u00e9graphique Christian [&hellip;]<\/p>\n","protected":false},"author":1,"featured_media":0,"parent":0,"menu_order":1,"comment_status":"closed","ping_status":"closed","template":"","meta":{"footnotes":""},"class_list":["post-270","page","type-page","status-publish","hentry"],"_links":{"self":[{"href":"https:\/\/assolegrandchemin.fr\/index.php?rest_route=\/wp\/v2\/pages\/270","targetHints":{"allow":["GET"]}}],"collection":[{"href":"https:\/\/assolegrandchemin.fr\/index.php?rest_route=\/wp\/v2\/pages"}],"about":[{"href":"https:\/\/assolegrandchemin.fr\/index.php?rest_route=\/wp\/v2\/types\/page"}],"author":[{"embeddable":true,"href":"https:\/\/assolegrandchemin.fr\/index.php?rest_route=\/wp\/v2\/users\/1"}],"replies":[{"embeddable":true,"href":"https:\/\/assolegrandchemin.fr\/index.php?rest_route=%2Fwp%2Fv2%2Fcomments&post=270"}],"version-history":[{"count":0,"href":"https:\/\/assolegrandchemin.fr\/index.php?rest_route=\/wp\/v2\/pages\/270\/revisions"}],"wp:attachment":[{"href":"https:\/\/assolegrandchemin.fr\/index.php?rest_route=%2Fwp%2Fv2%2Fmedia&parent=270"}],"curies":[{"name":"wp","href":"https:\/\/api.w.org\/{rel}","templated":true}]}}